*a + 2*a. What are the prime factors of t(x)?
3
Let d be ((-2)/(-1))/((-2)/7). Let u = d - -12. List the prime factors of u.
5
Let d(a) be the second derivative of -a**3/6 + 20*a**2 - 9*a. List the prime factors of d(0).
2, 5
Suppose 5*p + a - 1896 + 378 = 0, p - 2*a = 297. What are the prime factors of p?
3, 101
Suppose -3*o + 5*h = -377, -8*h = -5*o - 4*h + 624. List the prime factors of o.
2, 31
Suppose 20*q - 78 = 17*q. List the prime factors of q.
2, 13
Suppose 2*h = 5*h - 9. Let v = 5 - h. List the prime factors of (-13)/v*2/(-1).
13
Suppose 140 = 2*u + r - 73, 0 = -3*r - 15. List the prime factors of u.
109
Suppose -2*v = 3*p - 249 + 23, 0 = -5*p + 2*v + 398. Let s = -32 + p. What are the prime factors of s?
2, 23
Suppose 77 + 280 = 7*c. What are the prime factors of c?
3, 17
Let l(t) = -2*t - 1. Let r be l(-2). Suppose 0 = z - 2*i + 2, -1 = -z + r*i - 6. Suppose 0 = 3*b + z*k - 19, 3 = -b - 5*k - 9. What are the prime factors of b?
13
Let m be (-39)/(-12) + 1/(-4). Suppose -m*a + 33 = -0*a. List the prime factors of a.
11
List the prime factors of 1/((-5)/(-805)) + -5.
2, 3, 13
Suppose 7*s = 5*s + 80. What are the prime factors of s?
2, 5
Let o be (-12 - -13)/((-1)/6). Let g(d) = -6*d - 11. List the prime factors of g(o).
5
Let l = 90 - 34. Suppose 3*k - k = -3*h + 86, 0 = -2*h - k + l. Suppose -j + 3*j + 4*m = 8, -4*j + 2*m + h = 0. List the prime factors of j.
2, 3
What are the prime factors of 97/(-1)*5/((-15)/6)?
2, 97
Let d be (-288)/(-28) + 2/(-7). Suppose 0*q - d = -q. What are the prime factors of q?
2, 5
Let w = 205 + 47. List the prime factors of w.
2, 3, 7
What are the prime factors of 7 - 8/(-12)*-3?
5
What are the prime factors of 199/9 - (-10)/(-90)?
2, 11
Let h = 5 + 80. List the prime factors of h.
5, 17
Suppose -7*v + 1165 + 1180 = 0. What are the prime factors of v?
5, 67
Let u be (-4)/14 + (-86)/(-7). Let i = u + 0. Suppose 0 = -0*w - 4*w + 4*z + i, 27 = w + 5*z. What are the prime factors of w?
7
Let w be ((-3)/(-6) - 1)*0. Suppose 4*r - r - 33 = w. List the prime factors of r.
11
Let r = 44 - -28. List the prime factors of r.
2, 3
Let h be (-5 + 3)/(4/(-6)). Suppose h*l - 59 = t, -2*l + 0*t + t + 38 = 0. List the prime factors of l.
3, 7
Suppose 2*j = 3*j - 2*y - 5, 2 = -2*j - 2*y. Let s be j + 0 + 0 - -11. Suppose -a = a - s. What are the prime factors of a?
2, 3
Let s = -27 - -14. Let b = 15 + s. List the prime factors of b.
2
Let x = 226 + -104. What are the prime factors of x?
2, 61
Let y = -4 + 7. Suppose -2*z + 5*h + 11 = z, 13 = 5*z - 3*h. Suppose q - 4*p + 10 = 6*q, y*q + z*p = 6. List the prime factors of q.
2
Let v(m) = -m**3 - 12*m**2 + 11*m + 13. List the prime factors of v(-13).
3, 13
Let y be 57/11 + (-2)/11. Let m(r) = -y - 9*r - 2*r + r - r**2 + 2*r. What are the prime factors of m(-5)?
2, 5
Suppose 5*n = 3*k + k - 45, 3*n = -4*k + 5. Let c = -1 - n. Suppose -19 = -c*q + 21. What are the prime factors of q?
2, 5
Suppose -t + 1 = -3. Let r = t + -4. Suppose 2*m + r = 16. List the prime factors of m.
2
Suppose 27 = 2*m - 3. Let w be 1 - (-1)/((-1)/(-34)). Suppose 5*b = m + w. What are the prime factors of b?
2, 5
Let v be (-32)/(-6)*(-21)/14. Let j(p) = p**3 + 7*p**2 + 5*p**2 - 2*p - 4*p**2 + 0*p**3 - 10. What are the prime factors of j(v)?
2, 3
Let f(p) = -p**3 + 1. Suppose 3*n + 5*s = 7*n + 4, 0 = -5*n - 5*s - 5. List the prime factors of f(n).
2
Let q = 328 + -27. What are the prime factors of q?
7, 43
Let m = -44 - -72. List the prime factors of m.
2, 7
Let m be 22/((-4)/6*-1). Let j = -13 + m. List the prime factors of j.
2, 5
Let s = -77 + 183. What are the prime factors of s?
2, 53
Let y = -41 - -85. List the prime factors of y.
2, 11
Let h(z) = 8*z**3 + 3*z**2 - 5*z + 5. What are the prime factors of h(3)?
233
Let o = -5 + -1. Let n = o + 23. What are the prime factors of n?
17
Let y(c) = -c**2 - 8*c + 4. Let g be y(-9). Let d = 11 + g. List the prime factors of d.
2, 3
Suppose 5*u = 97 + 13. What are the prime factors of u?
2, 11
Let a(t) = t**2 + 3*t - 2. Suppose -3*g = -4*u + 8, 4*u - 4 + 24 = -4*g. List the prime factors of a(g).
2
Let f(g) = -3*g + 2. Let l be f(2). Let m = l - -20. List the prime factors of m.
2
Let w = 67 + -50. List the prime factors of w.
17
Suppose 0 = 4*n - 30 - 22. Suppose -n + 34 = 5*l - d, 0 = d + 1. What are the prime factors of l?
2
Let b(v) = v**2 + v - 11. Let h be b(-5). List the prime factors of (h/6)/((-9)/(-156)).
2, 13
Let h(z) = z**2 - 6*z - 2. Let k be h(6). What are the prime factors of k/4 + 45/2?
2, 11
Let s(i) be the first derivative of -i**3/3 - 13*i**2/2 - 11*i - 7. What are the prime factors of s(-6)?
31
Let r be (52/(-16))/(1/(-4)). Suppose p + 0 + 4 = 0. Let m = r + p. What are the prime factors of m?
3
Let l(i) = -i. Let y be l(-2). Suppose 87 = 5*z + y*j, -4*z + 105 = 4*j + 33. List the prime factors of z.
17
Suppose 5*t - 12 = 33. Let h be ((-2)/4)/((-3)/(-12)). Let u = t + h. What are the prime factors of u?
7
Let d be 2/5 - 157/5. Let v = 0 + 43. Let u = v + d. List the prime factors of u.
2, 3
Suppose -4*r = -6*r - 6. Let w = -2 - r. Suppose w + 5 = 3*j. What are the prime factors of j?
2
What are the prime factors of (-10)/1*(-4)/8?
5
Let u = 6 - 13. Let g = u - -38. What are the prime factors of g?
31
Suppose 42 = 6*x - 0. What are the prime factors of x?
7
Suppose 3*m = 2*y + 19 - 5, 4*y + 6 = -5*m. Suppose -m*i + 26 = -24. What are the prime factors of i?
5
Let v(n) = n**3 - 8*n**2 + 7*n + 2. Let f(t) = -8*t - 1. Let y(p) = -p**2 + 6*p - 6. Let i be y(5). Let x be f(i). List the prime factors of v(x).
2
Let l(i) = i**2 - 3*i + 4. Let j be l(3). Suppose -2*b + j + 2 = 0. List the prime factors of b/(-15) + (-123)/(-15).
2
Suppose -4*l + l - 9 = -3*t, 4*l = -t + 8. List the prime factors of t.
2
Let b be (-3)/(-3 + (0 - -2)). Suppose -2*k = -4*z - b*k + 141, 4*z - 5*k = 159. List the prime factors of z.
2, 3
Suppose 0 = -3*s + 7*s - 656. Suppose -s = -4*k - 24. What are the prime factors of k?
5, 7
Suppose -2*j + 60 = -36. Suppose u - 4*x = -4*u + j, 0 = -3*x - 6. What are the prime factors of u?
2
Suppose 0*i = -2*i - 4*j, -3*i = -2*j. Suppose 4*y = -4*b + 8, i = -2*y + 4*y. List the prime factors of b.
2
Let n(f) = -2*f**2. Let j be n(2). Let m be (0 + 54/j)*-4. What are the prime factors of ((-2)/6)/((-1)/m)?
3
Suppose 2*l - 3*n - 59 = 0, -5*l - n + 2*n + 141 = 0. Suppose l = -0*v + 2*v. Suppose 4*t + 2 - 10 = -4*u, -2*u = 4*t - v. List the prime factors of t.
5
Suppose -v = 4*v - 120. Let w be 57/((-4)/(v/(-9))). Suppose -a + w = 4*a - 2*p, a - 18 = 3*p. What are the prime factors of a?
2, 3
Suppose -m - m = -2*l + 1428, 5*l - 3594 = -m. List the prime factors of 2/(-7) + l/14.
3, 17
Suppose -8*p + 238 = -p. What are the prime factors of p?
2, 17
Let i(h) = -h**2 + 12*h - 4. Suppose 4*s + y = 27, -s + 33 = -5*y - 0. What are the prime factors of i(s)?
2, 7
Suppose -3*h + 1 + 4 = 2*q, 10 = -h - 3*q. Suppose -20 = -h*i, 3*p - 2*i + 3*i = -77. Let c = -16 - p. List the prime factors of c.
11
Suppose 0 - 4 = -2*b. Suppose 5*v - v - 16 = 0. List the prime factors of b/(((-2)/(-1))/v).
2
Suppose -f + 279 = -4*p, 2*p + 96 = p - 5*f. Let y = p + 107. Suppose n - 4*n = -y. What are the prime factors of n?
2, 3
Let d(a) = 21 + 4 - a - 1 - 2. What are the prime factors of d(0)?
2, 11
Suppose -d - 4*d + 5*a = 65, d + 17 = 3*a. Suppose r + 4 = 5*r. Let m = r - d. List the prime factors of m.
2, 3
Let a = 128 + -75. List the prime factors of a.
53
Suppose 0 = -0*f + f - 3*a - 2, 3*f = -2*a + 6. Let x(t) = t. Let i be x(2). Suppose 3*z + i*s - 9 = f*z, -4*z - s = -36. What are the prime factors of z?
3
Let o(a) = 75*a - 11. List the prime factors of o(3).
2, 107
Let c be (-1)/4 + (-50)/(-8). Suppose -t + c = -0. Suppose r + t = 15. What are the prime factors of r?
3
Let r(u) = 3*u**3 + u**2 + u + 2. Let n be r(2). Suppose -2*h + n = 8. List the prime factors of h.
2, 3
Suppose -3*n - 5*o = -174 - 22, 0 = 4*n - 2*o - 270. List the prime factors of n.
67
Let c(k) = -k**2 + 10*k - 7. List the prime factors of c(6).
17
List the prime factors of -6*3/6 - (1 + -119).
5, 23
Let u be (9/(-15))/((-2)/10). Suppose -u*z + 36 = -42. List the prime factors of z.
2, 13
Let l(g) = g**3 + 8*g**2 - 9*g + 4. Let o be l(-9). Let m be 3/(-2) - (-22)/o. Suppose 